 of w.
83
List the prime factors of (-53)/((-1113)/42) - (-14164)/2.
2, 7, 11, 23
Let q(b) be the second derivative of 6*b**2 + 2 + b**3 + 35*b + 7/12*b**4. List the prime factors of q(-5).
157
Let w(h) = -166*h**3 + 7*h**2 - 7*h. Let a(s) = 500*s**3 - 20*s**2 + 20*s. Let p(i) = 6*a(i) + 17*w(i). List the prime factors of p(1).
2, 89
Suppose -606 = -3*b + 3*a, -3*b + 987 = 4*a + 367. Suppose -5*c - b = -17*c. What are the prime factors of c?
17
Let o = -42263 + 60981. What are the prime factors of o?
2, 7, 191
Let d = -58618 - -110046. What are the prime factors of d?
2, 13, 23, 43
Let j be 1/(-2)*(-278 - 6). Let i(o) = -2*o + 34. Let x be i(3). Let s = j - x. List the prime factors of s.
2, 3, 19
Let v = 20 - 20. Let m = 540 - 332. Suppose q = 4*u - 3*q - 176, v = -5*u + 2*q + m. List the prime factors of u.
2, 5
List the prime factors of 4302/45*(-7 - -42).
2, 7, 239
Suppose -5*i + 57 - 52 = 0. What are the prime factors of (i - (-3 - -2628)/3)/(-2)?
19, 23
Let c be 4/(-38) - (-169932)/323. Suppose 353 = 4*b + 3*p - 340, -c = -3*b + 4*p. List the prime factors of b.
2, 3, 29
Suppose -2*d - 5*t + 5 = -21, 50 = 5*d + 5*t. Let v be (1660/d - -7)*2/3. Suppose 178 = 3*s - v. What are the prime factors of s?
107
Suppose 3 = 3*o - 2*r, -o - 7 = -4*r + 2. Let n be 10/4*o/(12/8). Suppose 0 = n*g - 280 - 155. What are the prime factors of g?
3, 29
Suppose 5*u = -285 - 435. Let i = u - -228. Suppose 0 = -3*b - b + i. What are the prime factors of b?
3, 7
Suppose -113 = -101*a - 315. Let t(y) = -5 + 10*y**2 + 2*y - y + 1. List the prime factors of t(a).
2, 17
Let l = -741 + -147. Let w = l + 2056. What are the prime factors of w?
2, 73
Let h be 3/5 - (-8494)/685. Suppose x = -0*k + 2*k + 2, 0 = -x + 4*k - 6. Suppose -273 = x*d - h*d. What are the prime factors of d?
7, 13
Let p(x) = -385*x - 26. What are the prime factors of p(-6)?
2, 571
Suppose 0 = 13*z - 19679 - 7816. What are the prime factors of z?
3, 5, 47
Let q = -11253 - -32505. What are the prime factors of q?
2, 3, 7, 11, 23
Let i(n) be the third derivative of n**6/120 + n**5/6 - 3*n**4/4 - 4*n**3 - 30*n**2. Let t be i(-11). Let g = t + 31. What are the prime factors of g?
2, 3, 7
Let l(v) be the third derivative of v**6/120 + v**5/20 + 407*v**3/3 - 22*v**2. What are the prime factors of l(0)?
2, 11, 37
What are the prime factors of 201144/14 - ((-30)/140)/((-12)/(-32))?
2, 449
Let h be -1*(-2)/(-1)*-86. Let p = -3 - -70. Suppose 0 = o - h - p. List the prime factors of o.
239
Suppose -5*a + 1948 = -3*a. Let y = a - 326. List the prime factors of y.
2, 3
Suppose 63*i - 35*i - 29*i + 5202 = 0. List the prime factors of i.
2, 3, 17
Let x = -21980 + 47479. List the prime factors of x.
43, 593
Let a = -141 + 148. Suppose -580 - 197 = -a*w. List the prime factors of w.
3, 37
Let u(w) be the first derivative of 7*w**4/4 - w**3/3 + 3*w**2/2 - 2*w + 53. What are the prime factors of u(3)?
11, 17
Suppose -3*i - 34010 + 760 = -5*q, -q = -4*i - 6650. What are the prime factors of q?
2, 5, 7, 19
Suppose -5*x + 3*j + 4 = 16, 3*j = -3. List the prime factors of (-30)/(-18)*x + 81.
2, 19
List the prime factors of (-4669 - -12 - 14)/(6/(-20)).
2, 3, 5, 173
Let s = -805 + 801. Let f(q) = -4 - 4*q + q**3 + 6*q**2 - 2 + 3*q. What are the prime factors of f(s)?
2, 3, 5
Suppose 0 = 5*u - 0*u + 4*x - 13057, 7843 = 3*u - 2*x. What are the prime factors of u?
3, 13, 67
Let u = -2796 + 1633. Let o = u - -739. Let d = -294 - o. List the prime factors of d.
2, 5, 13
Let h(b) = 54*b + 42. Let u = 120 + -108. What are the prime factors of h(u)?
2, 3, 5, 23
Let z(c) = -c**3 - 36*c**2 - 287*c - 57. List the prime factors of z(-32).
3, 13, 43
Let g(n) = n**3 - 13*n**2 - 12*n - 24. Let l be g(14). Let z be l*(-2 + (-9)/(-3)). Suppose z*o = 692 + 168. List the prime factors of o.
5, 43
Let y be -6 + 14245 + (-2 - 3). Suppose -y = -13*d - 2560. List the prime factors of d.
2, 449
Suppose 8 = -2*w - 4*y, -28 = 2*w - 7*w + 2*y. Suppose 7*z - 16 = -2. Suppose -w*o = -z*o - 256. What are the prime factors of o?
2
Suppose 4*s + 9 = s + 3*n, 0 = -4*s + 3*n - 9. Suppose -3*b - 11*b + 8372 = s. List the prime factors of b.
2, 13, 23
Suppose -9*j + 34 - 313 = 0. Let w = j - -34. Suppose b - f + 44 = w*b, -59 = -3*b + 2*f. List the prime factors of b.
3, 7
Suppose -3*x + 3135 = 3*o, -4*o + o = -2*x - 3160. List the prime factors of o.
2, 3, 5, 7
Let p(s) = -2*s**2 - 14*s + 33. Let d be p(2). What are the prime factors of -2 + 5 - (-1060 + d)?
2, 13, 41
Let h(m) = 2*m**3 + 109*m**2 + 45*m + 186. List the prime factors of h(-49).
2, 3049
Suppose -2*t + 4*k = -10852, 3*t - 21694 = -t - 2*k. What are the prime factors of t?
2, 3, 113
Let f be 59 + (1 - -1) + (-8 - -2). Let y = -3 + f. Let q = y + 131. What are the prime factors of q?
3, 61
Suppose 0 = 3*v - p + 535 + 110, -3*p = 0. Let f = v - -908. List the prime factors of f.
3, 7, 11
Let y be (279/(-62))/(4/(-8)). Let q(r) be the second derivative of r**5/20 - r**4/2 - 13*r**3/6 - r**2/2 - 2*r. What are the prime factors of q(y)?
5
Suppose z - 11 = -0*k - 3*k, -4*k + 3 = -z. Let w(u) = 0*u**2 + 3 - 149*u + 145*u - 2*u**k + 4*u**2. List the prime factors of w(-7).
3, 43
Let l = 40 - 40. Suppose -4*q + l*a - 28 = -a, -4*q - 40 = -4*a. What are the prime factors of (2/q)/(2/(-438))?
73
Let u(p) = 24*p**2 + 8*p + 381. Let y(o) = -11*o**2 - 4*o - 190. Let a(k) = 6*u(k) + 13*y(k). What are the prime factors of a(-35)?
1181
Let k(u) = u**2 - 3*u - 8. Let h be k(5). Suppose -11 = h*c - 23. Suppose j = c*j - 525. List the prime factors of j.
3, 5, 7
Suppose 2*s = -v + 4*s + 4190, 4*v + 4*s - 16736 = 0. Suppose 6*c + v = 20*c. What are the prime factors of c?
13, 23
Let f = -43 + 47. Suppose 0 = -f*u - 4*u - 976. Let c = u + 203. What are the prime factors of c?
3
Let b = 416 - -575. Let v = b + 1. List the prime factors of v.
2, 31
Suppose 22 = -4*t + y, t + y = -0*y - 8. Let k be t/(1/(20/(-15))). Suppose -5*h + h + 4*u = k, 0 = 5*h - 3*u. List the prime factors of h.
3
Let u(s) = 80*s + 383. What are the prime factors of u(72)?
6143
Suppose 5*v - 5*f = -12 + 32, 5*f = -3*v - 12. Let d(r) = -v - r**3 + r + 4*r - 4*r**2 - r**2. List the prime factors of d(-8).
151
Let x(y) = 11*y**2 - 4*y + 1. Let r be x(-4). Let w be (-1 + -141)*(3 - 11 - 198/(-36)). Let h = w - r. What are the prime factors of h?
2, 3
Let i be 72/240 - (-913)/(-10). Let x(w) = 16*w**2 + 4*w + 1. Let s be x(-3). Let h = i + s. List the prime factors of h.
2, 3, 7
Let n(u) = 2*u**3 + 15*u**2 - 10*u + 7. Let z be n(-7). Let k = z - -43. What are the prime factors of k?
13
Let r(l) = 54*l**2 + 66 - l + 7 - 6*l**3 + 93 + 66 + 5*l**3. List the prime factors of r(54).
2, 89
Suppose 21*z - 15*z = 54. Let g(m) = 8*m**2 + 19*m - 13. List the prime factors of g(z).
2, 13, 31
Suppose 4*s - 170505 = -3*n, -53 = -2*s - 65. List the prime factors of n.
56843
Let w(g) = -25*g**2 + 47*g + 25. Let t(c) = 9*c**2 - 16*c - 9. Let q(v) = 17*t(v) + 6*w(v). Let m = 11 - 7. What are the prime factors of q(m)?
5, 17
Let q(h) be the first derivative of -17*h**2/2 - 58*h + 29. Let i be q(-11). Let d = 338 - i. What are the prime factors of d?
11, 19
Suppose -2*c - 6 = 0, 6*c - 19 = 4*o + 3*c. Let v = 447 - o. List the prime factors of v.
2, 227
Suppose -6*a + 25 = -5. Suppose a*t = g - 38, 7*g - 176 = 3*g - 4*t. Suppose k = g + 86. What are the prime factors of k?
3, 43
Let s be 2*(-10)/(-8)*(-24)/(-30). Suppose 365 = s*u - 177. What are the prime factors of u?
271
Suppose -3*g + 2*j = -4, 4*g = -3*j - 0*j + 11. Suppose 0 = h + 2*s + 88, g*h - 5*s + 192 = -s. Let m = 149 + h. List the prime factors of m.
3, 19
Let i = 250 + -248. Let a(c) = 145*c + 141. List the prime factors of a(i).
431
Suppose 8*q - 58 = -3*r + 13*q, -5*q - 14 = r. Let t(j) = 3*j**2 + 4*j + 19. What are the prime factors of t(r)?
2, 3, 71
Let i = 41906 + -21485. List the prime factors of i.
3, 2269
Let c be (12/(-15))/((-1677)/(-420) - 4). Let y(z) = -293*z + 1. Let h be y(-1). Suppose 3*b + 2*b - h = -a, -2*b + a + c = 0. What are the prime factors of b?
2, 29
Suppose 6*n - 54 = 54. Let q be (124/3)/((-1)/(n/(-12))). Let w = -14 + q. List the prime factors of w.
2, 3
Suppose 2*z + 12766 + 6332 = 4*y, -5*y = 3*z - 23856. What are the prime factors of y?
3, 37, 43
List the prime fac